2227 a multiple of 697?
False
Does 29 divide 75980?
True
Is 346 a factor of 383714?
True
Does 663 divide 15044369?
False
Is 505716 a multiple of 34?
True
Does 61 divide 3267610?
False
Does 52 divide 143572?
True
Is 144 a factor of 13315968?
True
Is 464708 a multiple of 12?
False
Is 16049692 a multiple of 26?
False
Is 26 a factor of 34762?
True
Is 12416880 a multiple of 80?
True
Does 11 divide 227062?
True
Does 358 divide 2000862?
True
Is 728520 a multiple of 13?
True
Is 27 a factor of 287442?
True
Does 171 divide 671186?
False
Does 77 divide 202972?
True
Does 231 divide 97251?
True
Is 11 a factor of 5181120?
False
Is 96 a factor of 6300960?
True
Is 2360603 a multiple of 118?
False
Is 2247928 a multiple of 874?
True
Is 90 a factor of 1353600?
True
Is 29759 a multiple of 13?
False
Is 1551441 a multiple of 122?
False
Is 9292800 a multiple of 363?
True
Is 73 a factor of 12764415?
True
Is 63 a factor of 271978?
False
Is 618 a factor of 14823650?
False
Is 94 a factor of 382280?
False
Is 494645 a multiple of 163?
False
Does 65 divide 6754735?
True
Is 134989 a multiple of 80?
False
Does 22 divide 106047?
False
Is 4083255 a multiple of 99?
True
Is 178485 a multiple of 163?
True
Does 40 divide 13495160?
True
Does 15 divide 873570?
True
Is 219 a factor of 2532954?
True
Is 236 a factor of 68912?
True
Does 496 divide 5271163?
False
Does 6 divide 992317?
False
Is 372064 a multiple of 308?
True
Is 22 a factor of 102098?
False
Is 4909428 a multiple of 42?
False
Does 276 divide 35958?
False
Does 633 divide 1181045?
False
Is 249519 a multiple of 23?
False
Does 36 divide 199764?
True
Does 199 divide 1195592?
True
Does 19 divide 1155200?
True
Is 7621 even?
False
Is 76 a factor of 111590?
False
Does 22 divide 3358058?
True
Is 5012280 a multiple of 307?
False
Is 54 a factor of 119718?
True
Does 156 divide 498264?
True
Is 26 a factor of 2842?
False
Does 355 divide 2402438?
False
Is 23 a factor of 1352228?
False
Is 97 a factor of 2431950?
False
Is 172 a factor of 171484?
True
Is 3006883 a multiple of 57?
False
Does 1417 divide 10460579?
False
Does 291 divide 6069096?
True
Does 17 divide 4127600?
True
Does 57 divide 151716?
False
Does 110 divide 6776990?
True
Is 951124 a multiple of 22?
False
Is 13041 a multiple of 325?
False
Is 868833 a multiple of 74?
False
Does 764 divide 448045?
False
Is 243543 a multiple of 6?
False
Is 366250 a multiple of 564?
False
Is 18 a factor of 685548?
True
Is 183335 a multiple of 44?
False
Is 15 a factor of 1480425?
True
Is 240324 a multiple of 384?
False
Is 78023 a multiple of 33?
False
Is 183 a factor of 2908785?
True
Does 25 divide 855379?
False
Is 9713330 a multiple of 158?
False
Is 940702 a multiple of 49?
True
Does 90 divide 1354590?
True
Is 12 a factor of 660132?
True
Is 36 a factor of 20772?
True
Is 1689 a factor of 2413581?
True
Does 13 divide 28141477?
True
Is 487344 a multiple of 119?
False
Is 217540 a multiple of 4?
True
Is 96342 a multiple of 25?
False
Does 38 divide 67514?
False
Is 563700 a multiple of 10?
True
Does 68 divide 4628216?
True
Does 12 divide 3229632?
True
Is 80 a factor of 968720?
True
Does 28 divide 2950455?
False
Is 242 a factor of 625925?
False
Is 5354379 a multiple of 7?
False
Is 156 a factor of 215592?
True
Is 147179 a multiple of 16?
False
Is 3 a factor of 27391?
False
Does 55 divide 2194545?
False
Does 53 divide 34768?
True
Is 2963911 a multiple of 26?
False
Is 15 a factor of 423630?
True
Does 353 divide 1618858?
True
Is 14231 a multiple of 33?
False
Does 792 divide 897624?
False
Is 212940 a multiple of 39?
True
Is 273626 a multiple of 25?
False
Is 18 a factor of 18306846?
True
Is 1542 a factor of 2132586?
True
Does 33 divide 66429?
True
Is 85 a factor of 2919894?
False
Does 16 divide 1191675?
False
Is 140796 a multiple of 25?
False
Is 224424 a multiple of 7?
False
Does 11 divide 360189?
False
Is 136 a factor of 1896928?
True
Is 54 a factor of 217675?
False
Is 541222 a multiple of 11?
True
Is 201780 a multiple of 60?
True
Does 246 divide 4997244?
True
Is 16 a factor of 993392?
True
Does 1297 divide 60512?
False
Is 112832 a multiple of 96?
False
Does 426 divide 14258220?
True
Is 124512 a multiple of 48?
True
Is 211032 a multiple of 108?
True
Is 595245 a multiple of 5?
True
Is 27214 a multiple of 29?
False
Is 35 a factor of 286590?
False
Does 15 divide 20448527?
False
Is 10 a factor of 349339?
False
Is 87615 a multiple of 12?
False
Does 43 divide 10816220?
True
Does 95 divide 167390?
True
Does 345 divide 1281202?
False
Is 291452 even?
True
Is 237 a factor of 2578323?
True
Does 70 divide 571060?
True
Is 69 a factor of 477785?
False
Is 138344 a multiple of 14?
False
Does 56 divide 1541444?
False
Is 24137450 a multiple of 389?
True
Is 17435938 a multiple of 32?
False
Is 454 a factor of 593162?
False
Does 188 divide 1369600?
False
Does 1056 divide 10223136?
True
Is 832402 a multiple of 365?
False
Is 429180 a multiple of 395?
False
Is 39 a factor of 10992276?
False
Does 17 divide 946832?
True
Is 396144 a multiple of 6?
True
Is 318 a factor of 373141?
False
Is 21 a factor of 5065998?
True
Is 14 a factor of 573930?
True
Is 38632 a multiple of 23?
False
Is 2277226 a multiple of 133?
True
Does 12 divide 3049680?
True
Is 16260 a multiple of 5?
True
Is 11 a factor of 154210?
False
Is 17048 a multiple of 5?
False
Is 23 a factor of 98322?
False
Is 145 a factor of 824397?
False
Is 4 a factor of 2088?
True
Is 3170214 a multiple of 205?
False
Does 62 divide 1189222?
True
Does 260 divide 1266?
False
Does 12 divide 13806286?
False
Does 47 divide 287875?
True
Does 2 divide 14987?
False
Is 131 a factor of 2714125?
False
Does 49 divide 4207483?
True
Is 440 a factor of 3446960?
True
Is 61 a factor of 501608?
False
Is 219678 a multiple of 307?
False
Does 23 divide 3131597?
False
Is 6 a factor of 450618?
True
Is 585 a factor of 710190?
True
Does 30 divide 413070?
True
Is 266445 a multiple of 15?
True
Is 4 a factor of 21014?
False
Does 17 divide 1490084?
True
Does 48 divide 768079?
False
Is 358 a factor of 20586909?
False
Is 82 a factor of 198935?
False
Is 15 a factor of 571965?
True
Is 168 a factor of 420168?
True
Is 47 a factor of 193112?
False
Is 18 a factor of 7902?
True
Is 341 a factor of 238894?
False
Does 33 divide 244720?
False
Is 5 a factor of 19660?
True
Is 15 a factor of 66945?
True
Is 46 a factor of 4030327?
False
Is 133 a factor of 6695?
False
Does 7 divide 406740?
False
Is 4600 a multiple of 776?
False
Is 12348 a multiple of 11?
False
Is 78 a factor of 289770?
True
Does 79 divide 1242275?
True
Does 377 divide 820352?
True
Is 48 a factor of 4411421?
False
Is 148 a factor of 8926708?
False
Does 90 divide 362250?
True
Is 43012 even?
True
Is 80 a factor of 90400?
True
Is 3343598 a multiple of 12?
False
Is 1176 a factor of 4216235?
False
Is 9 a factor of 1073388?
False
Is 20 a factor of 1453317?
False
Is 78 a factor of 14978?
False
Is 100548 a multiple of 36?
True
Is 8888143 a multiple of 473?
True
Is 87106 a multiple of 32?
False
Is 175 a factor of 181475?
True
Does 14 divide 80878?
True
Is 2788156 a multiple of 24?
False
Is 158 a factor of 766177?
False
Does 142 divide 108306?
False
Is 135 a factor of 870325?
False
Does 12 divide 5556?
True
Is 73 a factor of 266555?
False
Does 18 divide 279072?
True
Is 79 a factor of 12623225?
False
Is 1046417 a multiple of 42?
False
Does 45 divide 2145947?
False
Is 208343 a multiple of 112?
False
Does 221 divide 1123765?
False
Does 2 divide 4198?
True
Is 276 a factor of 22769?
False
Is 30965 a multiple of 55?
True
Is 2233 a multiple of 46?
False
Is 64 a factor of 6970816?
True
Is 50195 a multiple of 5?
True
Is 22 a factor of 4646048?
True
Is 3 a factor of 58306?
False
Does 19 divide 190452?
False
Is 51 a factor of 6040030?
False
Is 88 a factor of 519640?
True
Is 120 a factor of 309393?
False
Is 74425 a multiple of 229?
True
Does 577 divide 989201?
False
Is 14 a factor of 16886795?
False
Is 29 a factor of 310010?
True
Is 7519114 a multiple of 223?
True
Is 179 a factor of 225409?
False
Does 128 divide 2550228?
False
Is 835363 a multiple of 175?
False
Does 6 divide 774?
True
Does 17 divide 655515?
False
Is 9322837 a multiple of 1165?
False
Is 1160481 a multiple of 556?
False
Is 220352 a multiple of 27?
False
Is 8836960 a multiple of 10?
True
Is 218 a factor of 1050867?
False
Is 390 a 